d 56.
7
Suppose -3 = -42*n + 41*n. Let i be 565 + n/(-9)*-15. Calculate the highest common factor of 57 and i.
57
Let m be (-2 + 150/(-9))*(77/44 + -7). Calculate the greatest common divisor of m and 4361.
49
Let o be 9/(-3) + (522 - -1). Let p be 56/2*504/294 - 8. Calculate the highest common factor of p and o.
40
Let w(a) = -3*a**2 + 6*a + 10. Let s be w(-2). Let d = s + -34. Let i = 57 + d. What is the highest common divisor of i and 36?
9
Let h(k) = -k**2 - 8*k - 3. Let a be h(-6). Suppose -u + 2*z = -23, 106*u - 4*z - 19 = 107*u. What is the highest common factor of a and u?
9
Let f = -1 + 3. Let n(a) = -a**3 - 4*a**2 - 250*a - 1269. Let s be n(-5). What is the greatest common divisor of f and s?
2
Suppose 6*j + 5*j = 55. Suppose 0 = j*i - 1507 - 563. Suppose 2*u - i = -r, -5*r + 96 = u - 111. What is the greatest common divisor of 23 and u?
23
Suppose 19*y = 30*y - 2662. Let f = y + -66. What is the greatest common divisor of f and 66?
22
Let s be (-252)/54*3/4*-2. Suppose -v + 20 = -2*b, -35 = -12*v + s*v - 3*b. Calculate the highest common divisor of v and 110.
10
Let j be (-21)/5 + (-11)/(-55). Let w(y) = y + 31. Let c be w(j). Suppose -3*f = 0, -f = l - 2*f - 189. What is the greatest common divisor of l and c?
27
Suppose 1179*x - 16 - 80 = 1167*x. Let o = 54 - 34. What is the highest common divisor of o and x?
4
Let y = 55 + 50. Let d(o) = 0 - o**3 - 15 - 3*o - 9*o**2 + 7*o + 3*o. Let m be d(-10). What is the highest common factor of m and y?
15
Suppose -h + 5*h - 4*v - 304 = 0, 2*h = 3*v + 152. Let q(a) = -a**2 + 25*a - 146. Let c be q(15). Calculate the highest common divisor of c and h.
4
Let x(h) = -7*h - 55. Let t(k) = 5*k + 56. Let u(j) = 5*t(j) + 4*x(j). Let f be u(-7). Calculate the highest common factor of 18 and f.
9
Suppose -6*c + 3*f + 11694 = 0, 5*c - 4*c = -4*f + 1958. What is the greatest common divisor of 20 and c?
10
Let z = 4967 + -2952. What is the highest common divisor of z and 65?
65
Suppose 2*u - 25 = 9*f - 12*f, -2*u = 2*f - 16. Calculate the highest common divisor of f and 729.
9
Let l(s) = -7 - 16 - 5 - 19*s + 5. Let h(g) = -20*g - 21. Let q(t) = -2*h(t) + 3*l(t). Let m be q(-9). Calculate the greatest common factor of 14 and m.
14
Let k = 65 - 2. Let q = -300 + 646. Let z = q - 337. Calculate the greatest common factor of z and k.
9
Let b be ((-105)/14 - -5)*2/(-5). Let g = b - 1. Suppose 2*k - 5*x - 181 = g, x = -4*k + 62 + 245. Calculate the highest common divisor of 52 and k.
26
Let f = 31 + -21. Let v be (15/6)/(f/8)*16. Suppose -15*u + v = -73. What is the greatest common divisor of 119 and u?
7
Suppose -611 + 627 = 4*j. Let s(o) = -11*o - 2. Let x be s(-2). Let t be -5*j*(-8)/x. What is the greatest common divisor of 80 and t?
8
Let j = 24399 + -24390. What is the greatest common factor of 18243 and j?
9
Let s(w) = w**3 + 53*w**2 + 94*w - 199. Let r be s(-51). What is the greatest common divisor of r and 451?
11
Let f(p) = 111*p + 6107. Let v be f(-48). Let h be (-153)/(-4) - (-1)/(-4). Calculate the highest common divisor of v and h.
19
Let p be (30 - 29) + -4 + (-4 - -665). Calculate the greatest common divisor of 378 and p.
14
Suppose -7*v - 84*v = -16016. What is the highest common factor of 99 and v?
11
Let i = -10107 - -12214. What is the greatest common factor of 86 and i?
43
Let w be 272*(0/((-30)/(-5) - 7) + 3). Calculate the greatest common divisor of 85 and w.
17
Let j(r) = r**3 + 5*r**2 - 4*r - 3. Let c be j(-5). Suppose -684 = -2*p - c*p. What is the greatest common divisor of 81 and p?
9
Let o be (-9 - -10)/(((-1)/(-217))/1). Let z = o - 201. Calculate the highest common factor of z and 4.
4
Suppose 4*w - 14 = -3*t, -8*w + 10 = -4*w + 5*t. Suppose -2*j = -w*v + 38, -5*v + 10*v + 5*j = 10. What is the greatest common factor of v and 48?
6
Let b(g) = 5*g - 37. Let r be b(8). Suppose -3*c = -3, 4*s + 53 = 6*s + r*c. Calculate the greatest common divisor of s and 5.
5
Let i(r) be the second derivative of -2*r**4/3 - 5*r**3/6 + 13*r**2/2 + 10*r. Let g be i(3). Let d = -55 - g. Calculate the highest common divisor of 209 and d.
19
Suppose 3*y - 798 = -786. Suppose -3*n - 181 = -4*o + 3*o, -668 = -y*o - 2*n. Calculate the greatest common divisor of 13 and o.
13
Suppose x + 4*v = -1, -x = -0*x - 3*v - 20. Suppose j - 249 = 5*u - 143, 4*j - 368 = 13*u. What is the greatest common factor of j and x?
11
Let v be (-144)/(-14) + 8/(-28). Suppose -8*u + 28 = -4. Suppose u*b + 240 = 7*b. What is the highest common divisor of b and v?
10
Let w(h) = -9*h**3 + 32*h**2 + h - 4. Let j be w(3). Calculate the greatest common factor of 272 and j.
4
Let p be 3 - (444/(-6) + 6). Suppose 6*w - p = -23. Let n = -31 + 119. Calculate the highest common factor of n and w.
8
Let t(s) = -137*s**3 - 9*s**2 - s + 4. Let b be t(-3). What is the greatest common factor of b and 29?
29
Let q(f) = 2*f + 24. Let w be q(-9). Let s be w - (-362 + 1 - 150/50). Calculate the greatest common divisor of s and 74.
74
Let m be 112/((-6)/(-33)*(-3 - (4 - 8))). Calculate the highest common divisor of 196 and m.
28
Let w(k) = -27*k + 156. Let s be w(12). Let b = s - -287. Calculate the greatest common factor of 51 and b.
17
Suppose -15*u + 33 = -42. Suppose 4*r + 6*n - 922 = u*n, r + 5*n - 240 = 0. What is the highest common factor of 15 and r?
5
Suppose -13770 = 291*x - 297*x. Calculate the greatest common divisor of 51 and x.
51
Suppose 26 = 4*m + i, 0 = 4*m + 2*i - 4*i - 20. Let v be m + (16/8 - -33). Calculate the greatest common divisor of v and 82.
41
Let t(w) = 2*w. Let l(u) = 14*u - 70. Let d(p) = l(p) + 3*t(p). Let n be d(4). Calculate the greatest common divisor of 25 and n.
5
Suppose 5*i - 2*n - 30617 = 0, 63*i - 62*i = 7*n + 6130. Calculate the greatest common divisor of i and 13.
13
Let y = 12 + -4. Let q(v) = -3*v + 26. Let r be q(y). Suppose r*b - 106 = 4. Calculate the highest common factor of 5 and b.
5
Let n be (-4)/24 - 52/(-24). Suppose n*c = o - 325, -3*c - 5*o - 629 = c. Let i = c + 333. Calculate the highest common divisor of i and 43.
43
Let d be -8*(-12)/(-30)*-80. Calculate the greatest common divisor of 24 and d.
8
Let c(q) = q**2 + 19*q - 33. Let g be c(-10). Let d = g - -288. Calculate the greatest common divisor of 45 and d.
15
Let o be 164/(-12)*-9 + -1 + -7. What is the greatest common divisor of o and 1127?
23
Let z = 102353 - 102323. Suppose 3*t - 238 + 4 = 0. Calculate the highest common divisor of t and z.
6
Let p = -875 - -903. Calculate the greatest common factor of p and 84.
28
Suppose 20 = -x + 23. Suppose 33 = 2*i + 3*k, -63 = -x*i - i - 5*k. Suppose 6*g = i*g - 156. What is the highest common divisor of 286 and g?
26
Let z(p) = -10*p - 120. Let y be z(-12). Suppose -2*m = y, 2*m = -5*b + 151 - 31. Calculate the highest common divisor of b and 16.
8
Let s be ((-114)/(-9))/((-2)/(-3)). Suppose 28655 + 2598 = 203*y + 397. What is the greatest common factor of s and y?
19
Let a be (-33)/165 + 1984/20. Let p be (11 - (-1)/(-1)) + 1. Calculate the greatest common divisor of p and a.
11
Let b = 229 - 255. Let l(r) = -r**2 - 21*r + 138. Let o be l(b). What is the greatest common divisor of o and 56?
8
Let f be 12 + -5 - (-4 - -1). Suppose -o - 4 = 2*g, 2*g - 26 = 2*o + 6. Let s be 4/6*o/4*-35. What is the highest common factor of f and s?
10
Let k be (-546)/(-1365) + (-4548)/(-5). Calculate the greatest common factor of 2912 and k.
182
Let s(d) = 4*d**2 + 30*d + 13. Let k be s(-8). Calculate the highest common factor of k and 29.
29
Let v be 9*(-170)/(-5)*(-4)/12*-8. What is the highest common divisor of v and 2346?
102
Let h(n) = 2*n**2 + 5*n - 2. Let u be h(-4). Let z(o) = 3*o**3 + o**2 + 4*o - 3. Let b = 84 + -83. Let f be z(b). What is the greatest common factor of f and u?
5
Suppose 4*l = -20, w + 3*l = 5*w + 105. Let k = -15 - w. Let n be k/(9/(-3))*(-230)/25. Calculate the highest common factor of 23 and n.
23
Let w = -39992 + 40766. Calculate the greatest common factor of 36 and w.
18
Suppose t - 4*t = -261. Suppose 5*q + v = 6*v + 30, -3*v + 3 = 4*q. Calculate the highest common divisor of t and q.
3
Suppose 670*i + 15540 = 880*i. Suppose -4*f + 3 + 1 = 0. Let q be (39/f + -2)/1. Calculate the greatest common factor of i and q.
37
Let f be ((-58)/87)/((-2)/6). Suppose f*p - 46 = -24. What 